 w(a) = a**3 + 6*a**2 + a + 6. Let v be w(-5). Calculate the greatest common factor of v and r.
13
Let x = 932 + -184. Calculate the highest common divisor of 22 and x.
22
Let t be ((-100)/6)/((-48)/72). Calculate the highest common divisor of 225 and t.
25
Let z(p) = 2*p**2 - 4*p + 1. Let s be z(3). Suppose 25*v - 27*v + 14 = 0. What is the highest common factor of v and s?
7
Suppose 0 = -3*l - 2*y + 349, 7*y - 3*y = -4*l + 460. Let m = l - 73. Calculate the greatest common divisor of 184 and m.
46
Let a(l) = l + 6. Let d be a(4). Suppose 284 = 6*h - d. Calculate the highest common factor of h and 7.
7
Suppose -10*x = -22 - 8. Let b be ((-12)/9)/(2/(-6)). Suppose -b*q + 8 + 16 = 0. What is the greatest common divisor of x and q?
3
Let g be -39*(4 - 10 - 1). What is the greatest common divisor of g and 42?
21
Let u(m) = 3 - 11*m - m**2 - 12 - 2*m. Let c be u(-12). Suppose -35 = -c*t + 61. Calculate the highest common divisor of 8 and t.
8
Let x(t) = -t - 2. Let b be x(-9). Let a(k) = k**2 - 10*k + 1. Let y be a(10). Let s be (-3*(-5 - 2))/y. Calculate the highest common divisor of s and b.
7
Let l = 70 - -26. Let m = -547 - -559. What is the highest common divisor of l and m?
12
Let v = 455 + -254. Calculate the highest common divisor of 335 and v.
67
Let v(l) = 11*l**3 + l**2 - 1. Let g be v(1). Suppose 2*j + 1 - g = 0. Let p be (3/j)/((-1)/(-25)). What is the greatest common factor of p and 10?
5
Suppose 4*w + 2*k = -k + 53, -2*w + 29 = k. Suppose a = 4*c + 3 + w, 3*a - 28 = 4*c. Let l = -4 + 8. Calculate the highest common divisor of l and a.
4
Let d = 82 + -73. Suppose -4*c + 666 = -5*x - d, 847 = 5*c - 3*x. What is the greatest common divisor of 34 and c?
34
Let y = -32 + 54. Calculate the highest common divisor of 4 and y.
2
Suppose 5*v = -2*r + 21, 3*v + r - 9 - 3 = 0. Suppose -v*x + 0*x = -9. Suppose 0 = x*g - g - 24. What is the highest common divisor of 60 and g?
12
Let t = 16 - 10. Suppose 2*m + 2*c + 8 = -2*c, -4*m + 29 = -c. What is the highest common divisor of m and t?
6
Let l be 4200/(-6)*(-16)/56. Calculate the highest common divisor of 15 and l.
5
Suppose 0 = 3*a - 6, 5*a = -2*o + 4 + 6. Let i = o - -9. What is the highest common divisor of i and 72?
9
Suppose -6*q + 4*q + 6 = 0. Suppose 4*b = q*l - 23 - 2, -2*l - 5*b + 9 = 0. Calculate the greatest common factor of 49 and l.
7
Suppose -4*o + 34 = -2*x - 56, 0 = -3*o + x + 70. Let b = o + -18. Calculate the greatest common factor of b and 35.
7
Let f(b) = -32*b - 4. Let a be f(-1). Let w = a + -23. What is the greatest common factor of 45 and w?
5
Let c(b) = b**3 + b**2 - 7*b. Let y be c(-3). Let d(w) = 2*w**2 - 5. Let h be d(y). Calculate the greatest common factor of 91 and h.
13
Suppose -4*q = -3*t + 60, t - 80 = -3*t - 5*q. What is the greatest common factor of 220 and t?
20
Suppose -6 = -2*n, 3*n = -f + 17 - 4. Suppose -v - f*j - 68 = 0, 3*v + 241 = 5*j - 14. Let x = -54 - v. Calculate the greatest common factor of x and 13.
13
Suppose -5*m + 12 = -2*m. Suppose m*t - 9*t = -25. Suppose -t*c + 13 = 4*o, 2*o - 7*o = c - 11. What is the greatest common factor of 1 and o?
1
Suppose -8*q - 441 = -15*q. Let y = q + -34. What is the highest common divisor of y and 87?
29
Suppose 0 = -491*z + 489*z + 80. Calculate the highest common factor of z and 390.
10
Let m(z) = 11*z**2 + 2*z - 3. Let l be m(3). Calculate the greatest common divisor of 102 and l.
102
Suppose 5*x - 6434 = 4*i + 9056, 3*i = -15. Calculate the highest common divisor of x and 91.
91
Let k be 250/7 - 3/((-189)/18). What is the highest common divisor of k and 684?
36
Suppose 88 = 2*b - 20. Let n(q) be the third derivative of -3*q**6/10 + 9*q**2. Let w be n(-1). Calculate the highest common factor of w and b.
18
Let g(p) = p**3 + 3*p**2 + p - 1. Let c be g(-1). Suppose 0*z - z - 267 = -2*m, -m + z + 131 = c. What is the greatest common factor of m and 17?
17
Let q be (-20)/(-3 - (-44)/16). Suppose -u + 48 = 3*w, 3*u - 2*u - q = -5*w. Let l = -67 - -99. What is the greatest common divisor of l and w?
16
Suppose 724 + 437 = 3*n. Calculate the greatest common divisor of 43 and n.
43
Suppose -2*h - 4*l = -4*h - 5496, 4*l = -5*h - 13810. Let p be (-16)/(-104) + h/13. Let i = 383 + p. What is the highest common divisor of 19 and i?
19
Suppose 12*n = 9*n + 174. What is the greatest common factor of 783 and n?
29
Suppose 3*l + 4*p = 3*p - 164, 277 = -5*l + 2*p. Let g = l + 66. Let w = -1 + 12. What is the greatest common factor of g and w?
11
Let z(j) be the second derivative of -j**3/3 + 2*j. Let f be z(-10). Let t = f + -15. Calculate the greatest common divisor of 2 and t.
1
Let k be (4 - (-15)/15)*(-1 - -20). Suppose 0 = -2*n - 3*n + 190. Calculate the highest common factor of k and n.
19
Let d = 861 + -837. Calculate the highest common factor of d and 192.
24
Let r = -1316 + 2270. Calculate the greatest common divisor of r and 18.
18
Let n(a) be the first derivative of 2*a**3 + 5*a**2/2 - 10*a - 39. Let b be n(5). Let y = 0 + 15. What is the greatest common factor of y and b?
15
Let f(r) = -5*r - 44. Let z be f(-10). Suppose -5*t - 3*c = -26, 2*c + z = -0*c. What is the highest common divisor of t and 42?
7
Let v(u) = u**2 - 5. Let m be v(3). Suppose -m*n - 2*j + 120 = 3*j, n - 4*j - 9 = 0. What is the highest common divisor of n and 25?
25
Let i(j) = j**3 - 6*j**2 - 6*j + 41. Let t be i(7). Calculate the highest common factor of 60 and t.
12
Let u = 2625 + -2609. What is the highest common factor of u and 50?
2
Let g be 2 - (-3 - (-2 + 282)). Suppose -4*y - 2*v + 388 = 0, 3*y + v + 2*v - g = 0. Let w be 25362/y - 2/11. Calculate the greatest common factor of w and 32.
32
Let a = -448 - -888. What is the highest common divisor of a and 40?
40
Let p be 118/8 - (-1)/4. Let j(f) = f**2 + 27*f + 7. Let q be j(-14). Let s = -25 - q. What is the greatest common factor of s and p?
15
Let v(i) = -i - 12. Let s be v(-10). Let f be 704/10 - s/(-5). Suppose 4*t + 2*q = -t + 76, t = 2*q + 8. Calculate the greatest common factor of f and t.
14
Let l be (-1)/(-2)*-5*(-2 - 8). Suppose -c + 3*c - 430 = -5*o, 0 = -5*c + l. Calculate the greatest common divisor of 24 and o.
12
Let u be (-819)/54 + 2/12. Let m be (u/(-40))/(4/32). Suppose 185 = m*d + 4*l, -5*d + 194 = -2*d - 5*l. What is the greatest common factor of d and 7?
7
Let d = 182 - -61. Calculate the highest common divisor of d and 9.
9
Let c = 86 - 72. Calculate the highest common divisor of 532 and c.
14
Let n(q) = -q**3 - 9*q**2 + 7*q + 9. Let x be n(-10). Let o = 24 - 42. Let y be (27/o)/((-3)/52). Calculate the highest common factor of y and x.
13
Suppose -3*j = -4*p - 0*j + 198, j + 253 = 5*p. Calculate the greatest common factor of p and 85.
17
Suppose -4*f - 4*p = -3*p - 200, -4*f = 3*p - 208. Calculate the highest common divisor of 112 and f.
7
Let i be -2 + 2*22 + 0. Let w be 70/i - 2/3. Let h be w*10/1*1. What is the highest common divisor of h and 110?
10
Let l = -32 + 722. Suppose l = 24*i - 14*i. Suppose 154 = 4*f - 30. Calculate the greatest common divisor of f and i.
23
Suppose 9*d - 10*d + 121 = 0. Calculate the greatest common divisor of 11 and d.
11
Let b(h) = 24*h. Let s be b(5). Let p be (10994/12)/23 + 3/18. What is the highest common divisor of p and s?
40
Suppose 0 = -4*x - 4*c + 84, 0 = 5*x - 0*x + 2*c - 93. Let s = 27 - x. Let u = 33 - 8. Calculate the greatest common divisor of u and s.
5
Let q be (-2)/8 - ((-4452)/16 + 14). Calculate the greatest common divisor of q and 1716.
132
Let k(u) be the second derivative of u**4/2 - 5*u**3/6 + u**2 + 12*u. Let f be k(2). What is the highest common divisor of 112 and f?
16
Let m(v) = -7*v - 6. Let o be m(-4). Let d be (-5)/(5/141) - 3. Let s = d + 254. What is the highest common divisor of s and o?
22
Let l = -167 - -197. Calculate the highest common factor of l and 750.
30
Let a = -67 + 72. Suppose u = -a*t + 3*t + 24, u - 4*t + 6 = 0. Calculate the highest common divisor of u and 35.
7
Let v(m) = 2*m - 5. Let p be v(7). Let n = 20 + 34. What is the greatest common factor of p and n?
9
Let b = -79 - -25. Let g = b + 104. Calculate the greatest common factor of g and 20.
10
Let t be 53*(-11)/(-99) - (-1)/9. Calculate the greatest common factor of 534 and t.
6
Let c = -67 + 121. Suppose -5*r + c = -2*f,